n divisor of i and o.
10
Let d(r) = 2*r + 34. Let v be d(-16). Let x(z) = 3*z**3 - z**2 - 2*z - 1. Let p be x(2). Let m be 1*p - (-1 + v). What is the highest common factor of 35 and m?
7
Let p = 6 - -16. Suppose -2*d + 5*u = -51, -109 = -4*d + 3*u + 14. Calculate the highest common divisor of p and d.
11
Suppose 0 = b - o - 25, 0 = -12*b + 11*b - 5*o + 7. Let m(h) = h**3 - 9*h**2 + h + 2. Let j be m(9). Calculate the highest common divisor of b and j.
11
Let b = 42 - -94. What is the highest common divisor of b and 17?
17
Let p = 237 - 195. What is the greatest common factor of 105 and p?
21
Let p = 36 + -35. Let o = p - -34. Calculate the highest common divisor of 5 and o.
5
Suppose 0 = 6*c - 3*c + 6. Let a be ((-80)/(-30))/(c/(-81)). Let p(q) = -q**2 - 12*q + 12. Let l be p(-12). What is the greatest common factor of a and l?
12
Suppose 0 = -84*r + 112*r - 280. What is the greatest common factor of 35 and r?
5
Let z be (-57)/(-6)*1116/62. What is the greatest common divisor of z and 228?
57
Let z(i) = i + 6. Let h be z(10). Let y = h + -1. Calculate the greatest common divisor of y and 165.
15
Let h(q) = -q + 2. Let o be h(-4). Suppose -o*y + 3*y + 24 = 0. Let a be 32/(24/10 - 10/25). Calculate the highest common divisor of y and a.
8
Let h(k) be the third derivative of -k**5/60 + 13*k**4/24 - 8*k**3/3 - 23*k**2. Let i be h(11). Calculate the highest common factor of 9 and i.
3
Let g be 1/3 + 3/(-9). Suppose -t + 2 + 2 = g. Suppose -11 = -z + t. Calculate the highest common factor of 165 and z.
15
Let x(t) = 6 + 0 + 3*t - 4*t + 2*t. Let j be x(11). What is the highest common divisor of j and 136?
17
Let m be (-3)/2 + 5/50*5. Let d be 3 + m + (-5 - -6). Calculate the highest common divisor of 24 and d.
3
Let k = 1744 - 876. What is the greatest common divisor of 14 and k?
14
Let a = -132 - -124. Let n be (-326)/a + 24/96. Calculate the highest common factor of 41 and n.
41
Let z be (-25)/(-3) + 3 + 30/(-9). Suppose 2*i + 52 = j, -3*i + z = -i. What is the highest common divisor of 12 and j?
12
Let n be (-10218)/(-52)*(-8)/(-6). Let x be n/8 + (-8)/(-32). Calculate the highest common factor of x and 22.
11
Let p(r) = 3*r + 31. Let m be p(-5). Suppose 5 = -m*g + 293. Calculate the highest common factor of g and 27.
9
Suppose -8*p + 3*p - 36 = -2*o, -45 = -3*o + 3*p. Let m = o - 8. Suppose f - 5*i = 27, m*f - 6*i = -i + 35. What is the greatest common factor of 2 and f?
2
Let c be (6 + 2)*3/4. Suppose -3*h - h + 12 = 0. Suppose -h*o - 4*k = -192, 4*o - 3*k - 231 = -0*o. Calculate the greatest common divisor of c and o.
6
Let z be ((-5)/2)/((440/(-48))/11). Calculate the highest common factor of z and 33.
3
Suppose d - 37 = -3*o, 8 - 40 = -2*o + 3*d. Suppose -z = -o + 8. Calculate the highest common divisor of 45 and z.
5
Suppose 0 = -21*a + 22*a - 3. Suppose -7*s = -a*s - 24. What is the greatest common divisor of 48 and s?
6
Let n(d) = d**3 - 6*d**2 - d + 7. Let u be n(7). Let r = -88 + 57. Let t = r + u. What is the greatest common factor of t and 6?
6
Suppose -26*i + 1974 = -938. Calculate the highest common factor of i and 504.
56
Let l(y) = -y**3 + 23*y**2 + 27*y - 53. Let k be 8*((-20)/(-6) - 1/3). Let x be l(k). Calculate the highest common factor of x and 171.
19
Let z(t) be the third derivative of t**6/120 + t**5/12 - t**4/4 - t**3 + 8*t**2. Let g be z(-5). Calculate the greatest common factor of g and 12.
12
Suppose 12*g + 96 = 18*g. Let a = -58 + 138. Calculate the greatest common factor of a and g.
16
Let h(n) = 3*n**2 + 13*n + 7. Let b(f) = -10*f**2 - 40*f - 21. Let y(u) = 2*b(u) + 7*h(u). Let s be y(-12). What is the highest common divisor of s and 38?
19
Let c(b) = 2*b**2 - 1. Let s be c(3). Suppose q - 17 = -0*q - 3*u, u = -2. Let w = q + s. What is the highest common factor of 8 and w?
8
Let h be (-8)/(-2) + (-45)/60*-84. Calculate the highest common factor of 6 and h.
1
Suppose -5*b + 5*g + 545 = 0, 0*g - 109 = -b + 3*g. Let q be 1*1/(-3)*-87. Let o = b - q. What is the highest common factor of 20 and o?
20
Let t(y) = -y - 8. Let z be t(17). Let g be 23*1/(1/2). Let l = g + z. What is the highest common factor of l and 3?
3
Let l = -705 - -782. Calculate the greatest common factor of l and 176.
11
Let z(c) = -c**3 - 9*c**2 + 11*c + 9. Let d be z(-10). Let q be (-6)/(2/9*d). Calculate the greatest common factor of q and 9.
9
Let o(r) = -26*r + 10. Let i be o(-4). Suppose -4*w + 59 = 5*b - 364, -w = 4*b - i. Calculate the highest common divisor of w and 34.
34
Suppose -f + 35 - 29 = 0. Calculate the highest common divisor of 30 and f.
6
Suppose -5*d = d - 192. Let n = d + 43. Calculate the greatest common factor of n and 30.
15
Let d be (-68)/(-51)*(-2)/(-4)*3. Let n(w) = 14*w + 4. Let h be n(d). What is the highest common factor of 16 and h?
16
Let r(i) = -i**3 - 6*i**2 - 3*i - 11. Let w be r(-6). Suppose 160 = h + w*h. Calculate the greatest common factor of h and 180.
20
Suppose c + 2 - 5 = 0. Suppose -1 = -c*l + 5. Suppose h - 18 = -z - h, 32 = l*z + 2*h. What is the greatest common divisor of z and 2?
2
Suppose -2 = 2*d - 18. Suppose -d*n + 25 = -3*n. What is the greatest common factor of n and 5?
5
Suppose 5*c + 5*t = 220, 4*c - 3*c + 2*t = 40. Suppose 0 = 2*u - 16 - c. Calculate the greatest common factor of 288 and u.
32
Let k = -198 + 567. What is the highest common factor of k and 41?
41
Let a(q) = 2*q + 560. Let t be a(21). What is the greatest common divisor of 14 and t?
14
Let i = 62 - 64. Let q be i/(-6)*(-8 + 59). What is the highest common factor of 68 and q?
17
Let b(w) = w**3 - 9*w**2 - 2*w + 18. Let h be b(9). Suppose -9*d + 66 + 924 = h. What is the greatest common divisor of d and 22?
22
Let k = 12 - 10. Let n be 392*k/8*2. What is the highest common divisor of n and 28?
28
Suppose -22*o = -14*o - 256. What is the highest common factor of o and 48?
16
Let u be (-17680)/(-182) + (-1)/7 + 3. What is the highest common factor of u and 75?
25
Let q(h) = 3*h**2 + 8*h - 25. Let i be q(-10). Calculate the highest common factor of i and 45.
15
Let h(i) = -i**2 - 5*i + 16. Let k be h(-7). Suppose -12 = -k*t - 3*y, t - 4*y - y = 6. Calculate the highest common factor of 30 and t.
6
Suppose -67 - 113 = -18*x. Calculate the highest common factor of 685 and x.
5
Suppose 3*j - 149 = -5*z, j - 47 = -0*z + z. Let t be 1/4 - 435/(-20). Suppose -t*n = -26*n + 64. What is the greatest common factor of n and j?
16
Let c = -111 - -120. Calculate the highest common factor of c and 18.
9
Suppose 66*h - 1344 = 2*h. What is the highest common divisor of 203 and h?
7
Let x be ((-5)/(-2) - 0)*10. Let z = x + -14. Suppose -3*o + 2*o = 5*y - 50, 2*y - 2 = -4*o. Calculate the greatest common factor of z and y.
11
Let q be (-2)/9 - 2/(-9). Suppose 5*l - 10*l + 75 = q. What is the highest common divisor of 10 and l?
5
Let i be (-2)/(-10) + (-1657)/(-10)*4. What is the highest common divisor of 51 and i?
51
Let z be (0 + 1)*132 + 3. Let i = z - 65. Calculate the highest common divisor of i and 175.
35
Let h be (-5)/(30/(-108)) + 7. Let b = 6 - 28. Let m = b + h. What is the highest common factor of 2 and m?
1
Let x(m) = 5*m**2 + m + 4. Let z(s) = -2*s - 2. Let g be z(-2). Let p be x(g). Calculate the highest common divisor of 286 and p.
26
Let g = 2165 - 2137. Let h(d) = 14*d**3. Let a be h(1). What is the greatest common divisor of g and a?
14
Let h = -102 - -67. Let u = h + 23. Let r be -20*3*2/u. Calculate the greatest common factor of r and 25.
5
Let d = -40 - 181. Let z = d + 321. Calculate the greatest common divisor of 20 and z.
20
Let u = -2 + -8. Let z = -40 - u. Let m be (z*(-8)/4)/1. What is the highest common factor of 10 and m?
10
Let b be (60/8)/(10/24)*7. Let c = -1 + 15. What is the greatest common divisor of c and b?
14
Suppose 6*u + 24 = 138. Let t be 3/((-3)/6 + 2). Suppose 95 = -y + t*y. What is the greatest common factor of y and u?
19
Let c be 0/(-3 + 3 + 1). Suppose -399 = -c*w - 3*w. Let a = -85 + w. What is the greatest common factor of a and 6?
6
Suppose 19*c = -2*c + 3675. Calculate the greatest common factor of c and 7.
7
Let k = 479 - 477. Calculate the highest common factor of k and 5.
1
Suppose 38*o = 30*o + 480. Calculate the highest common divisor of o and 105.
15
Let p(m) = 2*m + 17. Let y be (-8)/20 +